e
Is 131797 a composite number?
False
Is 73579 composite?
True
Is 167551 a composite number?
True
Is 848459 a composite number?
True
Is 12989 a prime number?
False
Is 4551131 a composite number?
True
Is 25031 prime?
True
Is 1144783 a composite number?
False
Is 168022 prime?
False
Is 22759 composite?
True
Is 283587 prime?
False
Is 229193 a prime number?
False
Is 259 prime?
False
Is 6344215 composite?
True
Is 1915 composite?
True
Is 31567 composite?
False
Is 50965 prime?
False
Is 1201 composite?
False
Is 324127 composite?
True
Is 821843 composite?
True
Is 111817 prime?
False
Is 11483 prime?
True
Is 2818 prime?
False
Is 760118 composite?
True
Is 1554981 a composite number?
True
Is 1897 a composite number?
True
Is 2017 prime?
True
Is 612551 prime?
False
Is 79733 a prime number?
False
Is 50821 a prime number?
True
Is 160841 composite?
False
Is 787 composite?
False
Is 63731 prime?
False
Is 13211 composite?
True
Is 15859 a composite number?
False
Is 31969 composite?
True
Is 3989 a prime number?
True
Is 72395 composite?
True
Is 3587 a prime number?
False
Is 87821 a prime number?
False
Is 122237 a prime number?
False
Is 994501 composite?
False
Is 11177 a composite number?
False
Is 6197 prime?
True
Is 35503 composite?
True
Is 19243 composite?
True
Is 1384679 prime?
True
Is 1232785 a prime number?
False
Is 22957 a prime number?
False
Is 1229 a prime number?
True
Is 133771 a prime number?
False
Is 1375211 a prime number?
True
Is 20299 composite?
True
Is 224453 prime?
False
Is 11017 prime?
False
Is 451481 composite?
False
Is 841541 a composite number?
False
Is 1280599 a composite number?
True
Is 229718 composite?
True
Is 907 composite?
False
Is 210559 a composite number?
True
Is 5939 composite?
False
Is 50207 composite?
False
Is 18329 prime?
True
Is 1811 prime?
True
Is 15909 a prime number?
False
Is 6127 composite?
True
Is 79085 a composite number?
True
Is 5531 a composite number?
False
Is 132119 a composite number?
True
Is 86703 prime?
False
Is 350059 a composite number?
True
Is 233683 a composite number?
False
Is 49733 prime?
False
Is 211405 a composite number?
True
Is 3957 prime?
False
Is 2897 a composite number?
False
Is 1203677 a prime number?
False
Is 11671 prime?
False
Is 98849 a prime number?
True
Is 30034 prime?
False
Is 16319 a prime number?
True
Is 547223 composite?
False
Is 1632677 composite?
True
Is 70837 prime?
False
Is 71581 prime?
False
Is 8497 a prime number?
False
Is 750163 prime?
True
Is 417419 a prime number?
True
Is 2965607 prime?
False
Is 315985 a prime number?
False
Is 571393 a prime number?
False
Is 11309 a composite number?
True
Is 128389 composite?
False
Is 58403 a prime number?
True
Is 2929 a prime number?
False
Is 265849 a composite number?
True
Is 1304727 composite?
True
Is 69683 prime?
False
Is 106589 a composite number?
True
Is 273401 prime?
False
Is 19553 a composite number?
False
Is 2517 a prime number?
False
Is 801677 a composite number?
False
Is 563 a composite number?
False
Is 387193 prime?
False
Is 484193 a composite number?
False
Is 82129 prime?
True
Is 7501 composite?
True
Is 419 composite?
False
Is 23351 composite?
True
Is 57439 a composite number?
True
Is 4271 a composite number?
False
Is 60779 a composite number?
False
Is 247633 a composite number?
False
Is 1048994 a prime number?
False
Is 44017 composite?
False
Is 3989 composite?
False
Is 375851 a prime number?
False
Is 69313 a prime number?
True
Is 394 composite?
True
Is 47339 composite?
False
Is 704357 prime?
True
Is 16129 a composite number?
True
Is 176863 composite?
True
Is 3935 prime?
False
Is 454889 composite?
False
Is 41222 composite?
True
Is 7022 composite?
True
Is 56767 a prime number?
True
Is 97757 prime?
False
Is 431389 a composite number?
True
Is 2356127 composite?
False
Is 225809 a prime number?
True
Is 86285 a prime number?
False
Is 3611 composite?
True
Is 58109 prime?
True
Is 1136371 a composite number?
True
Is 22303 composite?
False
Is 18958 a composite number?
True
Is 389581 a prime number?
False
Is 28387 prime?
True
Is 10211 prime?
True
Is 136361 a composite number?
False
Is 2932537 composite?
False
Is 47577 composite?
True
Is 143779 composite?
False
Is 3593 a prime number?
True
Is 225119 a prime number?
True
Is 32837 composite?
True
Is 13367 composite?
False
Is 3043 prime?
False
Is 8857 a composite number?
True
Is 522649 a prime number?
False
Is 247183 a composite number?
False
Is 6043 a composite number?
False
Is 24403 a prime number?
False
Is 30833 a composite number?
True
Is 8663 a prime number?
True
Is 26329 prime?
False
Is 657587 a prime number?
False
Is 10762 a prime number?
False
Is 63913 prime?
True
Is 2407 composite?
True
Is 11065 a composite number?
True
Is 6319 a composite number?
True
Is 9673 a composite number?
True
Is 62943 a composite number?
True
Is 7283 prime?
True
Is 829007 prime?
False
Is 11113 a prime number?
True
Is 6563 a prime number?
True
Is 162359 a composite number?
False
Is 3974 a prime number?
False
Is 768923 a prime number?
True
Is 437669 a prime number?
False
Is 2361 composite?
True
Is 249213 prime?
False
Is 948529 a prime number?
False
Is 328543 prime?
True
Is 8419 a prime number?
True
Is 2541821 a composite number?
True
Is 22853 a composite number?
False
Is 264197 a prime number?
False
Is 52163 prime?
True
Is 4049 a prime number?
True
Is 5773 a composite number?
True
Is 122081 a composite number?
False
Is 1115603 composite?
True
Is 4291 a prime number?
False
Is 43853 composite?
False
Is 65051 a composite number?
True
Is 24659 composite?
False
Is 1407541 prime?
False
Is 80917 a composite number?
False
Is 171037 composite?
True
Is 280997 a composite number?
False
Is 538673 composite?
True
Is 861131 prime?
True
Is 1306081 composite?
True
Is 74411 a composite number?
False
Is 20827 composite?
True
Is 4441 prime?
True
Is 2773 a prime number?
False
Is 1560506 a composite number?
True
Is 1009 prime?
True
Is 216289 prime?
True
Is 2861 a composite number?
False
Is 18973 composite?
False
Is 3433 composite?
False
Is 5587 a prime number?
False
Is 507743 composite?
False
Is 307477 a prime number?
False
Is 612893 a composite number?
True
Is 2352633 composite?
True
Is 139547 a prime number?
True
Is 244957 prime?
True
Is 32081 prime?
False
Is 115887 prime?
False
Is 26171 a prime number?
True
Is 88493 a composite number?
False
Is 477671 composite?
False
Is 1701179 composite?
False
Is 127399 prime?
True
Is 32957 a prime number?
True
Is 113073 a prime number?
False
Is 8147 composite?
False
Is 6071 a prime number?
False
Is 35051 a prime number?
True
Is 2961911 a composite number?
True
Is 9923 a prime number?
True
Is 13297 a composite number?
False
Is 10883 prime?
True
Is 44159 composite?
False
Is 32329 composite?
True
Is 254909 composite?
True
Is 17035 a prime number?
False
Is 3409 a prime number?
False
Is 565 a composite number?
True
Is 407059 prime?
True
Is 5563 a composite number?
False
Is 52889 prime?
True
Is 6803 prime?
True
Is 1319509 a prime number?
True
Is 20611 a prime number?
True
Is 9733 a prime number?
True
Is 293 a prime number?
True
Is 58711 prime?
True
Is 32117 composite?
False
Is 5807 composite?
False
Is 10405 a composite number?
True
Is 7499 prime?
True
Is 22769 a prime number?
True
Is 76271 composite?
True
Is 371617 a prime number?
True
Is 579869 a composite number?
False
Is 691363 a composite number?
False
Is 10495 a composite number?
True
Is 89161 prime?
False
Is 956543 composite?
True
Is 5741245 a composite number?
True
Is 12401 prime?
True
Is 273549 prime?
False
Is 130933 composite?
True
Is 27437 a prime number?
True
Is 62459 prime?
True
Is 150359 a prime number?
False
Is 41369 a prime number?
False
Is 1055 composite?
True
Is 23099 a composite number?
False
Is 393181 a composite number?
False
Is 34211 a prime number?
True
Is 102991 a prime number?
False
Is 33365 prime?
False
Is 664061 a prime number?
True
Is 13669 prime?
True
Is 41863 a prime number?
True
Is 198899 prime?
True
Is 6289 prime?
False
Is 148453 a prime number?
False
Is 163601 prime?
True
Is 139831 prime?
True
Is 84163 a composite number?
False
Is 1397 a prime number?
False
Is 8261 a composite number?
True
Is 8654 a prime number?
False
Is 438341 a composite number?
False
Is 17245 prime?
False
Is 768259 composite?
False
Is 6346957 composite?
Fals